s divided by 24?
17
What is the remainder when 1174 is divided by 14?
12
What is the remainder when 766 is divided by 24?
22
What is the remainder when 709 is divided by 10?
9
What is the remainder when 74 is divided by 12?
2
Calculate the remainder when 458 is divided by 28.
10
Calculate the remainder when 181 is divided by 114.
67
Calculate the remainder when 128 is divided by 11.
7
What is the remainder when 24335 is divided by 78?
77
Calculate the remainder when 564 is divided by 9.
6
What is the remainder when 178 is divided by 32?
18
What is the remainder when 94 is divided by 33?
28
What is the remainder when 704 is divided by 603?
101
What is the remainder when 381 is divided by 6?
3
Calculate the remainder when 586 is divided by 245.
96
What is the remainder when 254 is divided by 64?
62
What is the remainder when 131 is divided by 80?
51
Calculate the remainder when 3150 is divided by 16.
14
Calculate the remainder when 883 is divided by 52.
51
Calculate the remainder when 14208 is divided by 98.
96
Calculate the remainder when 300 is divided by 20.
0
Calculate the remainder when 137 is divided by 32.
9
Calculate the remainder when 1221 is divided by 207.
186
Calculate the remainder when 440 is divided by 129.
53
Calculate the remainder when 204 is divided by 77.
50
Calculate the remainder when 579 is divided by 28.
19
What is the remainder when 1069 is divided by 21?
19
Calculate the remainder when 643 is divided by 4.
3
What is the remainder when 28 is divided by 17?
11
Calculate the remainder when 76 is divided by 20.
16
Calculate the remainder when 204 is divided by 5.
4
What is the remainder when 446 is divided by 14?
12
What is the remainder when 330 is divided by 67?
62
Calculate the remainder when 1287 is divided by 23.
22
What is the remainder when 2048 is divided by 86?
70
Calculate the remainder when 118 is divided by 30.
28
Calculate the remainder when 2119 is divided by 29.
2
Calculate the remainder when 196 is divided by 95.
6
Calculate the remainder when 1887 is divided by 27.
24
What is the remainder when 83 is divided by 14?
13
What is the remainder when 1706 is divided by 29?
24
What is the remainder when 2036 is divided by 9?
2
Calculate the remainder when 287 is divided by 22.
1
Calculate the remainder when 1032 is divided by 30.
12
What is the remainder when 5812 is divided by 21?
16
What is the remainder when 201 is divided by 51?
48
Calculate the remainder when 215 is divided by 58.
41
What is the remainder when 103 is divided by 27?
22
What is the remainder when 26132 is divided by 93?
92
What is the remainder when 10504 is divided by 10?
4
What is the remainder when 43 is divided by 18?
7
What is the remainder when 292 is divided by 49?
47
What is the remainder when 3745 is divided by 1867?
11
Calculate the remainder when 407 is divided by 201.
5
Calculate the remainder when 86 is divided by 6.
2
Calculate the remainder when 1347 is divided by 54.
51
Calculate the remainder when 156 is divided by 71.
14
What is the remainder when 331 is divided by 37?
35
What is the remainder when 387 is divided by 145?
97
Calculate the remainder when 111 is divided by 23.
19
Calculate the remainder when 285 is divided by 64.
29
What is the remainder when 37 is divided by 12?
1
Calculate the remainder when 683 is divided by 101.
77
Calculate the remainder when 935 is divided by 39.
38
Calculate the remainder when 159 is divided by 37.
11
Calculate the remainder when 3536 is divided by 60.
56
What is the remainder when 565 is divided by 561?
4
Calculate the remainder when 523 is divided by 16.
11
What is the remainder when 6548 is divided by 5?
3
What is the remainder when 138 is divided by 16?
10
Calculate the remainder when 28 is divided by 10.
8
What is the remainder when 4137 is divided by 218?
213
What is the remainder when 9172 is divided by 37?
33
What is the remainder when 54 is divided by 40?
14
What is the remainder when 174 is divided by 33?
9
Calculate the remainder when 351 is divided by 127.
97
Calculate the remainder when 305 is divided by 303.
2
Calculate the remainder when 1615 is divided by 7.
5
What is the remainder when 221 is divided by 118?
103
Calculate the remainder when 355 is divided by 122.
111
Calculate the remainder when 566 is divided by 193.
180
Calculate the remainder when 644 is divided by 41.
29
What is the remainder when 77 is divided by 10?
7
Calculate the remainder when 893 is divided by 20.
13
Calculate the remainder when 1022 is divided by 44.
10
Calculate the remainder when 659 is divided by 20.
19
What is the remainder when 2022 is divided by 487?
74
Calculate the remainder when 6 is divided by 3.
0
What is the remainder when 55 is divided by 30?
25
Calculate the remainder when 1185 is divided by 65.
15
What is the remainder when 1393 is divided by 9?
7
Calculate the remainder when 34635 is divided by 28.
27
What is the remainder when 662 is divided by 60?
2
Calculate the remainder when 450 is divided by 35.
30
What is the remainder when 3119 is divided by 52?
51
What is the remainder when 61 is divided by 34?
27
Calculate the remainder when 130 is divided by 23.
15
What is the remainder when 291 is divided by 21?
18
What is the remainder when 113 is divided by 80?
33
Calculate the remainder when 3448 is divided by 46.
44
What is the remainder when 1106 is divided by 1088?
18
Calculate the remainder when 69 is divided by 8.
5
Calculate the remainder when 4659 is divided by 222.
219
What is the remainder when 3397 is divided by 137?
109
What is the remainder when 2155 is divided by 27?
22
Calculate the remainder when 2022 is divided by 135.
132
Calculate the remainder when 19 is divided by 3.
1
Calculate the remainder when 3242 is divided by 69.
68
What is the remainder when 17 is divided by 11?
6
Calculate the remainder when 329 is divided by 107.
8
What is the remainder when 52 is divided by 16?
4
Calculate the remainder when 1673 is divided by 150.
23
What is the remainder when 48 is divided by 34?
14
Calculate the remainder when 701 is divided by 27.
26
What is the remainder when 29 is divided by 22?
7
Calculate the remainder when 797 is divided by 38.
37
Calculate the remainder when 251 is divided by 73.
32
What is the remainder when 41923 is divided by 129?
127
Calculate the remainder when 841 is divided by 121.
115
Calculate the remainder when 253 is divided by 30.
13
Calculate the remainder when 272 is divided by 39.
38
What is the remainder when 12060 is divided by 95?
90
What is the remainder when 135 is divided by 50?
35
Calculate the remainder when 204 is divided by 81.
42
Calculate the remainder when 108 is divided by 10.
8
What is the remainder when 734 is divided by 157?
106
What is the remainder when 1061 is divided by 152?
149
Calculate the remainder when 142 is divided by 29.
26
What is the remainder when 52 is divided by 33?
19
Calculate the remainder when 95 is divided by 33.
29
What is the remainder when 970 is divided by 322?
4
What is the remainder when 13041 is divided by 16?
1
Calculate the remainder when 828 is divided by 828.
0
Calculate the remainder when 332 is divided by 136.
60
What is the remainder when 1908 is divided by 485?
453
What is the remainder when 86 is divided by 31?
24
Calculate the remainder when 11917 is divided by 149.
146
What is the remainder when 39 is divided by 37?
2
Calculate the remainder when 143 is divided by 138.
5
What is the remainder when 231 is divided by 58?
57
Calculate the remainder when 2384 is divided by 240.
224
Calculate the remainder when 34 is divided by 15.
4
What is the remainder when 218 is divided by 17?
14
Calculate the remainder when 69 is divided by 18.
15
Calculate the remainder when 749 is divided by 193.
170
Calculate the remainder when 861 is divided by 267.
60
Calculate the remainder when 102 is divided by 41.
20
What is the remainder when 1514 is divided by 72?
2
What is the remainder when 536 is divided by 29?
14
Calculate the remainder when 253 is divided by 84.
1
Calculate the remainder when 169 is divided by 81.
7
Calculate the remainder when 189 is divided by 40.
29
What is the remainder when 645 is divided by 72?
69
What is the remainder when 1531 is divided by 19?
11
Calculate the remainder whe